hat are the prime factors of j?
857
Suppose 3*c + 281 = 4*a, -2*c = a - 5*a + 282. Let d = a - 46. What are the prime factors of d?
5
Suppose -5*v = 5*i + 90, 2*v + 12 = 3*i + 41. Let j = 12 - i. List the prime factors of j.
5
Let s = 13 + -9. Suppose r - 3*d + 9 = -5, 4*r - s*d + 32 = 0. List the prime factors of r/(3/27*-1).
3, 5
Suppose 421 = -3*r + j + 1910, 2*j = 4. What are the prime factors of r?
7, 71
Let n be (-2)/(-6) - (-90)/(-27). Let v = 40 - n. List the prime factors of v.
43
Suppose 1 + 5 = k. Suppose k*t - 103 = 641. List the prime factors of t.
2, 31
Let b(u) be the first derivative of -11*u**2/2 - 7*u + 8. List the prime factors of b(-2).
3, 5
Let k(g) = 8*g - 7. Let w(f) = 13*f**2 - f - 2. Let y be w(-1). List the prime factors of k(y).
89
Suppose 3*s = u - 3692, -2*u - 5*s = 2*u - 14819. List the prime factors of u.
3701
Suppose 1529 = 18*g - 13357. What are the prime factors of g?
827
Let w(d) = -5*d - 5. Suppose 2*i - i - 5 = 0. Let c be w(i). Let n = -13 - c. List the prime factors of n.
17
Let a(t) = t**3 + 7*t**2 - 9*t - 5. Let o be a(-8). Suppose o*g - 99 = -3*l, g + 2*l = 4*l + 27. List the prime factors of g.
31
Let x(h) = h**3 - 21*h**2 + 17*h + 16. List the prime factors of x(25).
17, 173
Let m = -36 - -108. Let h = m - 26. What are the prime factors of h?
2, 23
What are the prime factors of (3/(30/(-788)))/(3/(-45))?
2, 3, 197
Suppose 0 = -0*d - 5*d + 10. Suppose -n = -2*n - 2*a + 14, 3*n - 82 = d*a. What are the prime factors of n?
2, 3
Let t be (1 - 0)*(-28)/(-7). Suppose -t*o = -14 - 10. What are the prime factors of -3 + 36 - o/(-2)?
2, 3
Suppose -7 - 3 = -5*u. List the prime factors of 6/((-9)/(-3)) - -28*u.
2, 29
Suppose -5*p = 2*q + 45 - 201, -3*p = 4*q - 102. Let l be 2/(-10) - 213/(-15). What are the prime factors of 1/(-2 + p/l)?
7
List the prime factors of 13/(104/(-16)) - -1207.
5, 241
Let f = 307 - 139. List the prime factors of f.
2, 3, 7
Let w = 1700 - 860. What are the prime factors of w?
2, 3, 5, 7
Let i(t) = t**2 + 47*t - 136. What are the prime factors of i(28)?
2, 491
Suppose 8*c - 861 = 5*c. Suppose -5*a + 503 + c = 3*s, -4*s + 474 = 3*a. Suppose 2*w = p + 2*p - 154, -3*p = 2*w - a. What are the prime factors of p?
2, 13
Let i = -112 + 517. Suppose 4*y + y = i. What are the prime factors of y?
3
Suppose -v - 23 = 2*h, -4*h = 3*v + 72 - 5. What are the prime factors of (-6)/v*364/4?
2, 13
Let r(y) = y**2 - 62*y + 1739. What are the prime factors of r(0)?
37, 47
Let f(q) = 4 - 1 + 9*q**2 + q + 2*q + 0. List the prime factors of f(-3).
3, 5
Let x(i) = i + 10. Let o be x(-7). Suppose -5*w = -3*c - 13, -5*w - 2*c - o*c = -5. Suppose w*y + 12 = 5*y. What are the prime factors of y?
2
Let v(u) = -2*u**3 - 12*u**2 + 20*u - 22. List the prime factors of v(-10).
2, 17
Let p = 4686 + -2258. List the prime factors of p.
2, 607
Let v = 9035 + -4949. What are the prime factors of v?
2, 3, 227
Suppose -152698 = -28*r - 29582. What are the prime factors of r?
4397
Let n(p) = p + 9. Let l be n(-6). Suppose l*h - 371 = -92. What are the prime factors of h?
3, 31
List the prime factors of (694/(-4))/(-3 + (-25)/(-10)).
347
Suppose 0 = -q - 2*q. Suppose -h - 5*h = q. Suppose h = -5*w, -w - 87 = -3*f - 12. What are the prime factors of f?
5
Suppose 20 = 2*d + 66. Let n = 43 + d. Let k = n - 1. List the prime factors of k.
19
Suppose -5*m = -5*o - 35, -5*m + 48 = -o + 5. Suppose -4*j = 1 - m. Suppose j*d - 21 = 25. What are the prime factors of d?
23
Suppose -430 = -9*r + 308. List the prime factors of r.
2, 41
Let d(l) = -2*l - 1. Let a be d(-2). Suppose -4*i = 4*p - 48, -66 = -0*i - 3*i + 3*p. Let t = i - a. List the prime factors of t.
2, 7
Suppose -83344 = 41*z - 57*z. What are the prime factors of z?
5209
Let o = 10291 + -6664. What are the prime factors of o?
3, 13, 31
Let h = -22 + 179. Let v = h - 90. List the prime factors of v.
67
Let h(p) = p**2 - 3*p + 9. Let m be (2 - (-4)/(-4))*-15. Let c = m - -21. What are the prime factors of h(c)?
3
List the prime factors of 18336/56 - 12/(-21).
2, 41
Let v(x) = -1122*x + 8. What are the prime factors of v(-1)?
2, 5, 113
Suppose 24023 + 2493 = 7*a. What are the prime factors of a?
2, 947
Let v be (-1)/(-4) + 69/12. Let x be (-1)/(-3) - 182/(-63)*3. Suppose -r + x = -v. What are the prime factors of r?
3, 5
Suppose 4*n - 105 = 4*q - 33, -5*n = 4*q - 81. Suppose -n = -3*h - 2*m, 2 + 2 = m. Let g(c) = 8*c + 2. List the prime factors of g(h).
2, 13
Let w = 203 - 469. Let q = w - -402. List the prime factors of q.
2, 17
Let a = -24 - -81. Suppose -4*b + 6 = -2*b. Suppose -b*c + a = -0*c. What are the prime factors of c?
19
Suppose 0 = 6*n + 875 + 205. Let w = n + 332. List the prime factors of w.
2, 19
Let z(b) = -b**3 + 17*b**2 + 19*b - 15. Let s be z(18). Suppose 3*n + 72 = 5*l - s*l, l + 5*n - 49 = 0. List the prime factors of l.
3, 13
Let t(l) = l**2 - 8*l + 9. Let a be t(10). Let b = 45 - a. List the prime factors of b.
2
Let m(a) = a**2 - 4*a + 7. Let l(q) = -q + 1. Let i(h) = -14*l(h) + 2*m(h). Suppose -11 = 3*o - b, -5*o - 3*b - 18 = 5. List the prime factors of i(o).
2
Suppose 3*o + 2*x = 55, 6*x - 7*x + 2 = 0. List the prime factors of o.
17
Suppose 3*s - 63 = 5*n, -3*n - 15 = 2*n. Suppose 13*a + 759 = s*a. List the prime factors of a.
11, 23
Suppose -5*k = 30 - 380. List the prime factors of k.
2, 5, 7
Let u = -75 - -106. What are the prime factors of u?
31
Suppose 0 = 6*s - 4*s - 6*s. Suppose 5*y + 2*g - 341 = s, -5*g - 463 + 143 = -5*y. What are the prime factors of y?
67
Let c(u) = 130*u - 16. Let x be c(4). Suppose -5*q = q + x. List the prime factors of -4*(q/(-8))/(-7).
2, 3
Suppose -3*j = 2*a + 1, -2*j + 6*j - 6 = a. Let t = a + 16. List the prime factors of t.
2, 7
Suppose 2*b + k - 167 = 0, 3*b - 3*k - 233 = -8*k. Suppose 5*x = 4*c - 176, -c - 3*x = -3*c + b. List the prime factors of c.
7
Suppose 4*v - 18 + 2 = 0. Suppose -v*o + 0*o + 20 = 0. Suppose 7 = i - o. What are the prime factors of i?
2, 3
Suppose n + 2*x = 2850, -8577 = -3*n + 4*x - x. What are the prime factors of n?
2, 3, 7, 17
Let j(h) = 6*h**2 + 19*h - 5. What are the prime factors of j(-9)?
2, 5, 31
Suppose 178 = -4*n + 2*f + 452, -n + 74 = 5*f. Suppose -n = -2*p + 331. List the prime factors of p.
2, 5
Let j(n) = 10*n + 12*n + 8 - 23*n. Let i be j(0). Let h(a) = a**2 - a - 8. List the prime factors of h(i).
2, 3
Let t be (8/16)/((-1)/(-14)). Suppose l = 3*l - 8. Suppose l*q = 4, 2*q - 7 = -3*p + t. List the prime factors of p.
2
Let g(b) = -2*b - 7. Let i be g(-9). Suppose -3*a + u + 13 = 0, 9 = a - 3*u - 6. Suppose a*k - 76 = i. List the prime factors of k.
29
Let l be (-1)/2 + 56/16. Suppose p + 64 = l*p. Suppose -p = -i - 16. What are the prime factors of i?
2
Suppose 0 = -22*z + 18*z + 12. Suppose -3*t = 2*m - 253, -3*m + z*t - 497 = -7*m. List the prime factors of m.
2, 61
Let s(x) = x + 4. Let t be s(-1). List the prime factors of t - (-17 + -3 + 6).
17
Let l be -24*2 + 1 - -2. Let y be (48/(-15))/(6/l). Suppose 5*h - y = h. List the prime factors of h.
2, 3
Let m(w) = 13*w**2 + 0 + w**3 - 19*w - 20 - 15 - w. List the prime factors of m(-14).
7
Let m be (-5 + 0)*(-1)/1. Suppose -4*c = -3*f - 9*c + 389, m*f = -c + 685. List the prime factors of f.
2, 3, 23
Suppose -2947*c = -2936*c - 5764. List the prime factors of c.
2, 131
Suppose -4*j + 4*q = -4932, 16*j - 15*j = 3*q + 1229. What are the prime factors of j?
5, 13, 19
Let w(m) = 79*m. Let t be 51/7 - 40/140. Let s = -6 + t. What are the prime factors of w(s)?
79
Let o be -150 + 3 + (1 - -2 - 1). Let a = 240 + o. What are the prime factors of a?
5, 19
List the prime factors of (-3 - -34)*(-3)/(15/(-370)).
2, 31, 37
Let f be (-2)/(2 - 10/4). Suppose -5*w + f = -1. Let h(u) = 8*u + 1. List the prime factors of h(w).
3
Suppose -2*a + a + 1 = 0. Suppose -q - a = -5. Suppose t - 2*h = -h + 28, -q*t = 3*h - 133. List the prime factors of t.
31
Suppose -3*f + 21 = 3*j, 0 = -3*j - 4*f - 0*f + 22. Suppose 302 = -j*w - 1978. List the prime factors of (-3)/(6*5/w).
2, 19
Let l be (-4)/10 - 148/(-20). Let f(q) = -q**2 + 7*q - 2. Let t be f(l). What are the prime factors of t*1*36/(-8)?
3
Suppose -8 = -2*l + 22. Suppose 5*i - l = -g, -2*g - 8 = -4*i - 38. What are the prime factors of g?
3, 5
Let b(s) = s**2 - s - 1. Let v(y) = 7*y**